/((-60)/1405)*-4?
5
What is the tens digit of 6044/(1 + (-9 - -12))?
1
What is the thousands digit of (-22656)/(-10) + 84/60?
2
Suppose -2*f + 554 = -3*i, 3*i - i = f - 369. Let v = 285 + i. What is the units digit of v?
1
Let a(f) = -f + 4. Let t be a(4). Let y = 32 - t. Suppose -k - i = -y, -3*k - 5 = 2*i - 100. What is the units digit of k?
1
Let y be ((-39)/4)/((-4)/(-16)). Let g be (-200)/(-52) + (-6)/y. Let c = 33 - g. What is the units digit of c?
9
Let s(a) = a - 8. Let c be s(12). Suppose 12*x + c*x = 1728. What is the hundreds digit of x?
1
Suppose 5*q = -c + 5*c + 157, 4 = 4*q. Suppose -s - 2*a + 76 = 0, -2*a - 3*a + 155 = 2*s. Let r = c + s. What is the units digit of r?
2
Suppose 60 + 46 = 4*n + 3*m, -3*n - 3*m + 81 = 0. Suppose 0*x - 5*t + 56 = x, 5*t = n. What is the tens digit of x?
3
Let i = 17 - 24. Let y be 1/((28/(-12))/i). Suppose 10 = y*o - 8. What is the units digit of o?
6
Let z = 6 - 20. Let b be (-3)/5 + z/10. What is the units digit of (-3)/((-6)/b) - -13?
2
Suppose 0 = 3*g - 6, 8*h - 4*h - 2*g - 9672 = 0. What is the hundreds digit of h?
4
Let m be (-22)/(-6) - 1/(-3). Let v(b) = 3*b - 18. Let y be v(7). Suppose 13 + y = m*i. What is the units digit of i?
4
Suppose -2*i + 10 = 2*a - a, 0 = 5*a - 3*i + 2. Suppose -a*k + 395 = -9. What is the tens digit of k?
0
What is the tens digit of -4*(-8)/32*2487?
8
Let o be -1*(-3)/2*(36 + -34). Suppose -o*p = p - 472. What is the units digit of p?
8
Let f(z) = -19*z - 8. What is the tens digit of f(-1)?
1
Let t(s) = -15*s. Let o(c) = -30*c + 1. Let i(j) = -2*o(j) + 5*t(j). Let w be i(-6). Let q = w - 49. What is the units digit of q?
9
Suppose -6*x - 142 = -4210. What is the tens digit of x?
7
Let j be (-20)/(-50) + (1133/5 - -2). Let h = j + -136. What is the tens digit of h?
9
Let m = -340 + 543. What is the hundreds digit of m?
2
Suppose -30*v = -18*v - 48. Let c be (-2)/(-3) - 7/(-3). Suppose n - 124 = -c*n - v*z, 0 = -2*n - 4*z + 70. What is the tens digit of n?
2
Suppose 0 = -12*d + 9*d + 294. Suppose 0 = -5*h - 3*i + d, 4*h = -5*i + 84 - 16. What is the units digit of h?
2
Suppose 111*p + 14602 = 125*p. What is the tens digit of p?
4
Let d(w) = -w**3 - w**2 - 2. Let t be d(-2). Suppose -5*j - 5818 = t*v, -j + 4652 = -5*j - 4*v. What is the units digit of j/(-18) + 2/(-3)?
4
Let l be (0 - 4) + 6 + 102. What is the units digit of (l/6)/((-8)/(-12))?
6
Suppose -2*x = -4*h - 312 + 90, -h - 5*x = 50. Suppose 0 = 11*a + 4*a + 1485. Let c = h - a. What is the tens digit of c?
4
Suppose 7*l + 121 = 18*l. What is the units digit of l?
1
Suppose 70*u + 2905 = 71*u. What is the units digit of u?
5
Suppose -2 + 10 = 4*p. Suppose 69 = l + p*l. Let f = l - 13. What is the tens digit of f?
1
Let d(x) = x**2 + 5*x + 6. Let j be d(-5). Suppose 2*k + 0 = j. Suppose -k*v + 85 = 2*v. What is the units digit of v?
7
Suppose -n + 0*n = -1. Suppose -3*j + n = -8. Suppose 2*t - 37 = 5*s, -j*t + 0*s = -5*s - 48. What is the units digit of t?
1
Let w = 2653 - 2361. What is the tens digit of w?
9
Suppose o + v + 8 = 0, o - 2*o + 3*v + 4 = 0. What is the tens digit of (2*2/o)/((-66)/21945)?
6
Let n = 5562 + -1814. What is the hundreds digit of n?
7
Suppose j = 5*j - 100. Suppose 4*x - j = -5. What is the units digit of x*1 + 5 + -4?
6
Suppose -6*z - 24 = -18*z. Suppose z*j - 2*i = -6*i + 132, 5*j - 370 = -2*i. What is the units digit of j?
6
What is the tens digit of (-5)/(10/96)*(-2394)/152?
5
What is the units digit of ((-3)/(-4))/((-9)/(-1704))?
2
Let h(m) = m**2 - 17*m - 27. Let v be h(20). Let l = 15 - v. What is the tens digit of (-272)/(-6) + (-12)/l?
4
Suppose -22 + 430 = 6*u. What is the units digit of u?
8
Suppose 0 = 20*s - 171 - 129. Suppose -w + 230 - s = 0. What is the units digit of w?
5
Let o(q) = q**3 + 9*q**2 + q + 5. Let f be o(-9). Let i be ((-2)/f)/((-2)/(-12)). Suppose 11 = i*n - 7. What is the units digit of n?
6
Suppose -6*a - 6 = -7*a. Suppose -4*u + 8 = 2*f - 4*f, 2*u - a = 2*f. Let l(k) = 7*k**2 + k - 2. What is the units digit of l(u)?
6
Suppose 4*p = 5*n + 3, -2*p = -5*p + 4*n + 2. Let l = p + -2. Suppose -1 = -g - l. What is the units digit of g?
1
What is the units digit of ((-10284)/(-60))/(5/50)?
4
Let y be -4 - (-1)/(1/(-8)). What is the units digit of ((-15)/(-6))/((-2)/y)?
5
Suppose -12*m + 4*m = -80. Suppose 689 - 79 = m*h. What is the tens digit of h?
6
Let o = 11 - 6. Let c = o + -5. Suppose c = x - 3*x + 58. What is the units digit of x?
9
Let j(d) = 42*d**2 + 35*d + 6. What is the units digit of j(-5)?
1
Suppose 4*h - 1 = -9. Let d be (h + 218)/3 + 1. Let f = d + -44. What is the units digit of f?
9
Let i(q) = -q**3 + 11*q**2 + 6*q - 2. Let x = -21 - -32. What is the tens digit of i(x)?
6
Let n(h) = h + 9. Let o be n(-5). Suppose -25 = -o*t + 15. What is the tens digit of t?
1
Let d = -9 + 10. Suppose v - d - 1 = 0. Suppose -v*q - 10 = -56. What is the tens digit of q?
2
Suppose -q = 4*j - 88, 5*q - 2*j = 147 + 205. Suppose 2*h + 2*h - q = 0. Suppose r + h = 4*r. What is the units digit of r?
6
Suppose 4*w = -2*l + 1210, 4*l + 2*w - w = 2399. What is the units digit of l?
9
Let x(z) = -2*z - 1. Let d(n) be the second derivative of -n**3/2 - n**2/2 - 6*n. Let w(t) = -3*d(t) + 4*x(t). What is the units digit of w(5)?
4
Let y(o) = 251*o + 395. What is the thousands digit of y(6)?
1
Let s(u) = -2*u**2 + u + u**3 - 2*u**2 - 9 - 2*u**2 - u**2. Let a be s(7). Let g(o) = 6*o**2 - o - 1. What is the units digit of g(a)?
5
What is the units digit of ((-2)/3 + 1)/((-1)/(-852))?
4
Let f be (-20 + 0)/((-35)/5 + 5). What is the units digit of 1175/f*(-32)/(-20)?
8
Let q be 13/(52/486)*6*1. What is the tens digit of (4/(-6))/(-1*6/q)?
8
Let x = 24 - -17. What is the tens digit of x?
4
Let o(n) be the third derivative of n**4/24 - n**3/2 - 13*n**2. What is the units digit of o(8)?
5
Suppose 2*d - 2020 = 2*w, 0*w - 2*w = 6. What is the hundreds digit of d?
0
Let i be -1*(-26)/(-30) + 28/(-210). What is the hundreds digit of (-6*i/12)/(1/200)?
1
Let d be (210/12 - 5)*(-12)/5. What is the units digit of (-1815)/d + (0 - 1/2)?
0
Let m = 184 - -491. What is the tens digit of m?
7
Let u be 3 + -7 - 0/3. What is the tens digit of -2*(-1)/u*-34?
1
Let l(q) = -q**2 - 10*q + 29. Let a be l(-12). Suppose -a*f = -92 - 198. What is the tens digit of f?
5
Let m(w) = -w**2 + 9*w - 14. Let t be m(8). Let d(s) = -14*s + 20. What is the hundreds digit of d(t)?
1
Suppose -5 = 5*n - v, -6*n + 2*n + 10 = 2*v. Let q(a) = 5*a**3 - 10*a + 9. Let t be q(1). Suppose n = -2*i + t. What is the units digit of i?
2
Suppose 5*f = -2*c + 903, -3 - 1 = -4*f. What is the tens digit of c?
4
Suppose -32*m - 324 = -36*m. What is the tens digit of m?
8
Let k(d) = 13*d**3 + d**2 + 10*d + 4. What is the hundreds digit of k(3)?
3
Let g = -11 + 9. Let k be (-1)/(((-8)/g)/100). Let b = -15 - k. What is the units digit of b?
0
Suppose -7*i - 15 = -2*i, -229 = -q + 4*i. What is the units digit of q?
7
Let t be (-6 - -5) + -2*1. Let x be 3 + (-3 - t) + 1. Suppose v + x = 13. What is the units digit of v?
9
Suppose -h = 2*s - 342, -2*h + 5*s = -732 + 3. What is the units digit of h?
2
Let o be 2/5 - 252/(-20). Suppose -3*z = 1 - o. Suppose 9*v = 4*v + 2*i + 43, 5*i + 31 = z*v. What is the units digit of v?
9
Let g = -4898 - -10809. What is the hundreds digit of g?
9
Suppose 4*h = -d - 16, -5*d + 5*h - 139 = 66. What is the tens digit of (-174)/4*48/d?
5
Let m(l) = 5*l**2 - 20*l + 9. What is the tens digit of m(8)?
6
Let q = 1473 + -284. What is the thousands digit of q?
1
Let n = -1703 - -2506. What is the tens digit of n?
0
Let d be 1/((-8)/(-388))*2. What is the units digit of (0 - (-4 - -1)) + d?
0
Suppose -2*v - 4 = -8. What is the units digit of (-59 - v)*(-2 - -1) - -1?
2
Suppose 13*u - 8572 = -1526. What is the hundreds digit of u?
5
Let f(m) = m**3 + 28*m**2 - 3*m + 353. What is the tens digit of f(-27)?
6
Suppose -1479 = -4*c + 3*m + 278, 3 = -m. What is the hundreds digit of c?
4
Let y = -47 + 26. What is the tens digit of (-67)/(-1) + 0/y?
6
Let n be (2 + 0 + 2)*2. Suppose -4*t - 20 = -n*t. Suppose -4*z + 46 = -t*c, -c = c - 4. What is the tens digit of z?
1
Suppose 0 = -11*k + 10*k - 6. Let j(b) be the second derivative of -5*b**3/6 - 7*b**2/2 + 5*b. What is the units digit of j(k)?
3
Let k(y) be the t